 i be b(9). Let s(f) = 4*f**2 + f. What is s(i)?
5
Suppose 4*f = -5*p - 70, 0*f = 3*f - 4*p + 37. Let u be -1*(-9)/f*-5. Let i(b) = -3*b**2 + 4*b**2 + 3*b**3 - 4*b**3 - 3 + 0*b**u. Give i(0).
-3
Let u(i) = i + 5. Let q be (-8)/(-7 + 5) - 10. Determine u(q).
-1
Suppose 0 = -5*i + 5*t - 30, -3*t + 20 = 2*t. Let d(v) be the third derivative of 0*v - 2*v**2 + 1/2*v**3 + 1/30*v**5 + 1/6*v**4 + 0. Calculate d(i).
3
Let r(h) = h - 1. Let l(z) = z + 9. Let g = 0 - 1. Let k(j) = g*l(j) - 2*r(j). What is k(-5)?
8
Suppose 2*v = 5*o - 10 - 11, 0 = -5*o - 4*v + 33. Let y(m) = 3*m + 3*m - o*m. Determine y(-1).
-1
Let w(l) = -l**3 - 7*l**2 - 7*l - 2. Let s = 42 - 48. Give w(s).
4
Let a(s) = -s**2 + 7*s + 11. Let x(h) = 4*h - 40. Let r be x(12). Calculate a(r).
3
Let f(x) be the third derivative of x**5/60 - x**4/6 - x**3 + x**2. Let t be 8 - -2 - (0 - -5). Calculate f(t).
-1
Let h(n) = -9*n + 3. Let b(a) = -26*a + 9. Let v(i) = -3*b(i) + 8*h(i). Calculate v(2).
9
Let x(c) be the third derivative of c**5/60 - c**4/4 + 2*c**3/3 + c**2. Suppose f - 20 = -3*w, 0 = -3*f - 2*w + 8 + 17. Let a be (1 + 0)/(1/f). Calculate x(a).
-1
Let w(o) = o - 3. Suppose -3*b = b - 24. Let k = b - -11. Let m = -12 + k. What is w(m)?
2
Suppose -a - 4*a + 60 = 0. Suppose -7*b + 5*b = -a. Let j(z) = -z**2 + 7*z - 1. Calculate j(b).
5
Let m(u) = u**3 + 4*u**2 - u - 4. Suppose 0 = 4*j - 13 - 3. Suppose j*w = -w + 10. Let d be -2*(3 + w/(-2)). Calculate m(d).
0
Let u be 2/4*2*3. Let q(o) = -o + 4 + 4 - u. Determine q(3).
2
Suppose 2*c = 5*z - 8 - 22, 0 = -3*z - 2*c + 2. Let b(s) = -s**3 + 5*s**2 - 2*s - 5. Calculate b(z).
3
Let i(y) = y - 5. Let p(b) = -8 + 29 - 4*b + 0*b. Let x(o) = 9*i(o) + 2*p(o). Calculate x(6).
3
Let t(u) be the second derivative of -u**3/2 - u**2/2 + 3*u. Determine t(2).
-7
Let k(v) be the third derivative of -v**4/24 - v**3 - 3*v**2. Suppose g - 12 = 3*g. What is k(g)?
0
Suppose 0 = w + 3, 2*q - 6 = 4*w - 0. Let i(j) = 1 + 4*j + 0 + 4*j**2 - 3 - 3*j**2. What is i(q)?
-5
Let z be -6*3 + (-21)/(-7). Let g = -14 - z. Let w(b) = -11*b**3 + b**2 + b - 1. Calculate w(g).
-10
Let z(y) = -y**3 + 5*y**2 - 2*y + 4. Suppose -2*o = 3*o + 25, 0 = 2*d - o - 15. Determine z(d).
-6
Suppose 2*k - 2*p - 8 = -k, 3*k = 5*p + 2. Suppose k + 1 = 5*c. Let r(s) = 14*s**3 - s**2 + s. Determine r(c).
14
Let s(z) be the first derivative of -z**5/20 + z**4/6 + z**3/6 + z**2/2 + z - 3. Let o(x) be the first derivative of s(x). Let f = -2 - -5. What is o(f)?
-5
Let g(r) = 5*r - 11*r**2 + 4*r**2 - r + 9 + 8*r. Let v(a) = -20*a**2 + 35*a + 26. Let m(h) = 17*g(h) - 6*v(h). Suppose 0*x - x + 6 = 0. What is m(x)?
-3
Let u(r) = r + 3. Let c be (24/(-20))/((-9)/(-30)). Determine u(c).
-1
Let z(j) be the second derivative of j**3/6 + 19*j**2/2 - 21*j. Determine z(-9).
10
Let j(v) = 3*v**2 - 1. Let t = -14 + 7. Let x = t - -6. Give j(x).
2
Let g be 23/7 + 2/(-7). Let z(o) = o**3 - 9*o**2 + 9*o - 8. Let s be z(8). Let i(f) = -4*f + f**2 + 2 - 1 + 0 + s. Calculate i(g).
-2
Let a(f) = -8*f**2 - f. Suppose 2*u + 5*d - 52 = 0, -2*u - 4*d + 7 = -43. Suppose -r + 0 = -5*s - 1, -3*s - u = -4*r. Let c = r + -7. Give a(c).
-7
Let k(q) be the second derivative of q**5/20 - q**4/2 + 5*q**3/6 + 2*q**2 - q. Let i = -40 - -68. Suppose 2*n = d + 3, 2*n = -5*d + d + i. Calculate k(n).
-8
Let z(o) be the first derivative of 2 + 1/2*o**2 + 2*o - 1/3*o**3. Calculate z(3).
-4
Let a(t) = -t**3 - 4*t**2 - 2*t. Let b be a(-2). Let y(l) = l**3 + 5*l**2 + 4. Let u be y(b). Suppose v = -4*v + u. Let w(m) = -m - 1. Determine w(v).
-5
Let b(l) = -4 + l**2 + 3*l + 0*l**2 - 10*l + 6*l. Give b(0).
-4
Suppose -2 = 3*i - 4*i. Suppose 3*r + 17 = i*u, -2 = -5*r - 7. Suppose u*q = 2*q - 20. Let j(v) = -v - 5. Determine j(q).
-1
Suppose -r = -2*i, i = -0*r - 3*r + 14. Let w(c) = 0*c**2 + r*c**2 + 2*c - 4 + 3 - 5*c**3 + 4*c**3. Determine w(4).
7
Suppose -5*t + 2 = f, -6*f - t + 4 = -4*f. Suppose f*v - 8 = 4*v. Let y = -1 - v. Let n(w) = w**2. Determine n(y).
9
Let j(i) = i + 2. Let h be j(2). Suppose -c - 2*n = h*c, -4*n = 0. Suppose c = 5*m + p, m + 26 = -0*m + 5*p. Let f(y) = 3*y**3 + y + 1. Determine f(m).
-3
Let u(q) = q**2 - 7*q + 17. Let z be u(5). Let d(y) = y**2 - 8*y - 7. What is d(z)?
-14
Let o(h) = 9*h - 1. Suppose 2*b = -y - 1, 0 = -b + 4*b - 2*y - 2. Suppose -a + b*f - 1 = 2*f, 5*a - 9 = 4*f. What is o(a)?
8
Suppose 3*t - 6 = -0. Let d(y) = -3*y**2 + 0*y**2 + y + t*y**2. Determine d(1).
0
Let t be (-2)/(-9) - 48/(-27). Let f(u) = -u**3 + 2*u**2 - 2*u. Give f(t).
-4
Suppose -3*k = -4*o - 5*k + 6, -5*o + 15 = -5*k. Let y(q) = -o*q**2 + q - 3*q + 11 - 7. Give y(-3).
-8
Suppose 5*g - 12 = 2*g. Let v(f) = f**2 - 5*f + 5. What is v(g)?
1
Let n(r) be the first derivative of r**3/3 + 3*r**2 + 2*r + 14. Calculate n(-5).
-3
Let z(j) = -8*j**3 + 2*j**2 - 1. Let h be z(1). Let q(m) = -m. What is q(h)?
7
Let a(k) = -k**3 - k**2 + k - 8. Let b(j) = j**3 + 2*j**2 - j + 9. Let y(v) = -3*a(v) - 2*b(v). Calculate y(0).
6
Let l(m) = -13*m**2 + 2*m + 14*m**2 + 1 + 0 - 8*m**3. What is l(-1)?
8
Let j(b) = b + 3. Let m = -15 - -35. Suppose 0*s - m = -2*s. Let w be (-2)/(2 + 2)*s. Determine j(w).
-2
Let s(l) = l + 6. Let t be s(-9). Let d(n) = 2*n**3 - 2*n. Let v(a) = -a**3 + a. Let u(z) = t*v(z) - 2*d(z). Let i = 3 - 2. Calculate u(i).
0
Suppose 0 + 3 = -3*w. Let n(t) = 9*t**3 + 9*t**2 - 11*t - 11. Let a(i) = 5*i**3 + 5*i**2 - 6*i - 6. Let q(v) = 11*a(v) - 6*n(v). What is q(w)?
0
Let j(d) = 3*d + 3. Let i = 1 - 2. Let s be -2 - (-3 + 3 - i). Calculate j(s).
-6
Let f(o) = o**3. Let h = 14 - 9. Suppose 7 = -s - 4*g, -38 = -2*s - 0*g + h*g. Let w = s - 7. Give f(w).
8
Let j(w) be the third derivative of w**7/840 - w**6/120 - 7*w**5/120 + 5*w**4/24 + 7*w**3/6 + 6*w**2. Let l(m) be the first derivative of j(m). Calculate l(4).
-7
Let s(z) be the second derivative of z**5/20 - z**4/3 + z**3/6 + 2*z**2 - 24*z. Let g(h) = -h**3 + 7*h**2 - h + 10. Let c be g(7). Calculate s(c).
-2
Let g = 147 + -156. Let k(v) = -v**3 - 9*v**2 + v + 12. Determine k(g).
3
Let b(n) = -3*n. Let i = -2 + 6. Suppose -2*g - i*k + k + 17 = 0, -3*g - 3*k + 21 = 0. Suppose -5*l - 12 = u, 0 = -g*u - 3*l - 0 - 14. Determine b(u).
6
Let d(c) = -7*c**3 - 14*c**2 - 10*c + 9. Let a(j) = -11*j**3 - 21*j**2 - 15*j + 14. Let q(u) = -5*a(u) + 8*d(u). Determine q(-4).
-26
Suppose -7*x + 6*x = 5. Let w(j) = -j - 4. Give w(x).
1
Let t(w) = -5*w**2 - 3*w + 10. Let a(x) = -x**2 - x + 1. Let u(c) = -6*a(c) + t(c). Determine u(-5).
14
Suppose -2*l = 2*c + 3*c - 27, l - 16 = -3*c. Let a(q) = -l - q**2 + 4*q + 2 + 1. Give a(5).
-3
Let r(x) = -x**3 - 3*x**2 - 1. Let q be r(-2). Let b(t) = 24 + 24 + 27 - 73 + t. Determine b(q).
-3
Let c(t) = t**2 + 3*t - 4. Suppose 4*m - 42 + 14 = 0. Let d(z) = 2*z**2 + 7*z - 9. Let y(f) = m*c(f) - 3*d(f). Determine y(-2).
3
Let w(r) = r**2 - r - 5. Let j(f) be the first derivative of -f**4/4 - 2*f**3 + 4*f**2 + 7*f + 3. Let g be j(-7). Determine w(g).
-5
Let i(u) = u**3 + 6*u**2 + 2*u + 13. Let s be i(-6). Let a(c) be the third derivative of -13*c**4/24 + c**3/6 - 2*c**2. Determine a(s).
-12
Let o = -11 + 6. Let c(g) be the third derivative of 0*g**4 - 1/120*g**6 + 0 - 1/12*g**5 - 1/6*g**3 - 2*g**2 + 0*g. What is c(o)?
-1
Let v(s) = 2*s. Let k(d) = -85*d + 1. Let x be k(1). Let h be ((-3)/9)/(2/x). Let f = h + -11. What is v(f)?
6
Suppose 0 = -a + 4*w - 4, 4*a - 3*w - 10 = -0*w. Let d(n) = 2 - 3 - n - 3 - a. Let z be 10/4*(0 + -2). Give d(z).
-3
Let q be (2 - (-2 - 3)) + 0. Let d(l) = -l - 2 + q + 2. Let w be d(4). Let h(o) = o**3 - 3*o**2 + 4*o - 3. Calculate h(w).
9
Let u(r) be the third derivative of 3*r**2 + 0 + 0*r - 1/6*r**3 + 1/8*r**4. Let p(v) = -v + 3. Let j be p(4). What is u(j)?
-4
Suppose -f + 9 = -g + 2*f, -4*f + 22 = 2*g. Suppose -4*k + 2 = -g*k. Let p(x) = 0 - k*x + 0. What is p(-2)?
4
Let j(t) = 3*t - t**3 - 2*t + 9 + t - 6*t**2 + 0*t**3. Suppose 4*k + 34 = -2*n, 5*k - 5*n = -33 - 32. Let q be (8/k)/(8/60). Determine j(q).
-3
Let u(h) = -8*h**3 - h**2 + 2*h - 2. Let z(n) = 31*n**3 + 5*n**2 - 9*n + 9. Let m(d) = -9*u(d) - 2*z(d). Calculate m(1).
9
Let s(d) be the third derivative of d**4/24 + 7*d**3/3 - 3*d**2. Determine s(-10).
4
Let s(o) = o**2 - 9*o + 7. Suppose -5*y = -5*g + 30, g = 2*y - 0*y + 5. Let a be s(g). Let m(h) = -h**2 - 7*h - 2. What is